{"id":100,"date":"2015-10-21T23:53:59","date_gmt":"2015-10-21T21:53:59","guid":{"rendered":"http:\/\/themes.loc\/workscout\/submit-resume\/"},"modified":"2023-06-30T16:11:38","modified_gmt":"2023-06-30T22:11:38","slug":"submit-resume","status":"publish","type":"page","link":"https:\/\/kioongo.com\/work\/submit-resume\/","title":{"rendered":"Enviar Curriculum"},"content":{"rendered":"\r\n<form action=\"\/work\/wp-json\/wp\/v2\/pages\/100\" method=\"post\" id=\"submit-resume-form\" class=\"job-manager-form\" enctype=\"multipart\/form-data\">\r\n\r\n\t<input type=\"hidden\" id=\"_wpjm_nonce\" name=\"_wpjm_nonce\" value=\"9fda535f2d\" \/><input type=\"hidden\" name=\"_wp_http_referer\" value=\"\/work\/wp-json\/wp\/v2\/pages\/100\" \/>\r\n\t\r\n\t\t\t<div class=\"notification notice closeable margin-bottom-40\">\n\t\t\n\t\t\n\t\t\t\n\t\t\t<p><span>Tienes una cuenta?<\/span>\n\t\t\t\n\t\t\t\tSi usted no tiene una cuenta, puede crear uno a continuaci\u00f3n introduciendo su direcci\u00f3n de correo electr\u00f3nico. Una contrase\u00f1a se env\u00eda autom\u00e1ticamente por correo a usted.\n\t\t\t\t\t<\/p>\n\t\t<a class=\"button\" href=\"https:\/\/kioongo.com\/work\/dashboard-page\/\">Iniciar sesi\u00f3n<\/a>\n\t<\/div>\n\t\t\n\n\r\n\t\r\n\t\r\n\t\t\r\n\t\t<!-- Resume Fields -->\r\n\t\t<div class=\"dashboard-list-box\">\r\n\t<div class=\"dashboard-list-box-content\">\r\n\t\t<div class=\"submit-page\">\t\r\n\t\t\t\t\t\t\t\r\n\t\t\t\t<fieldset class=\"form  fieldset-candidate_name\">\r\n\t\t\t\t\t<label for=\"candidate_name\">Su nombre<\/label>\r\n\t\t\t\t\t<div class=\"field\">\r\n\t\t\t\t\t\t<input type=\"text\" class=\"input-text\" name=\"candidate_name\" id=\"candidate_name\" placeholder=\"Su nombre completo\" value=\"\" maxlength=\"\" required \/>\n\t\t\t\t\t<\/div>\r\n\t\t\t\t<\/fieldset>\r\n\t\t\t\t\t\t\t\r\n\t\t\t\t<fieldset class=\"form  fieldset-candidate_email\">\r\n\t\t\t\t\t<label for=\"candidate_email\">Su Email<\/label>\r\n\t\t\t\t\t<div class=\"field\">\r\n\t\t\t\t\t\t<input type=\"text\" class=\"input-text\" name=\"candidate_email\" id=\"candidate_email\" placeholder=\"su@sudominio.com\" value=\"\" maxlength=\"\" required \/>\n\t\t\t\t\t<\/div>\r\n\t\t\t\t<\/fieldset>\r\n\t\t\t\t\t\t\t\r\n\t\t\t\t<fieldset class=\"form  fieldset-resume_region\">\r\n\t\t\t\t\t<label for=\"resume_region\">Regi\u00f3n<\/label>\r\n\t\t\t\t\t<div class=\"field\">\r\n\t\t\t\t\t\t<select  name='resume_region' id='resume_region' class='select2-single'>\n\t<option class=\"level-0\" value=\"236\">Aguascalientes<\/option>\n\t<option class=\"level-0\" value=\"237\">Baja California<\/option>\n\t<option class=\"level-0\" value=\"238\">Baja California Sur<\/option>\n\t<option class=\"level-0\" value=\"239\">Campeche<\/option>\n\t<option class=\"level-0\" value=\"240\">Chiapas<\/option>\n\t<option class=\"level-0\" value=\"241\">Chihuahua<\/option>\n\t<option class=\"level-0\" value=\"242\">Ciudad de M\u00e9xico<\/option>\n\t<option class=\"level-0\" value=\"243\">Coahuila<\/option>\n\t<option class=\"level-0\" value=\"244\">Colima<\/option>\n\t<option class=\"level-0\" value=\"245\">Durango<\/option>\n\t<option class=\"level-0\" value=\"246\">Estado de M\u00e9xico<\/option>\n\t<option class=\"level-0\" value=\"247\">Guanajuato<\/option>\n\t<option class=\"level-0\" value=\"248\">Guerrero<\/option>\n\t<option class=\"level-0\" value=\"249\">Hidalgo<\/option>\n\t<option class=\"level-0\" value=\"250\">Jalisco<\/option>\n\t<option class=\"level-0\" value=\"251\">Michoac\u00e1n<\/option>\n\t<option class=\"level-0\" value=\"252\">Morelos<\/option>\n\t<option class=\"level-0\" value=\"253\">Nayarit<\/option>\n\t<option class=\"level-0\" value=\"254\">Nuevo Le\u00f3n<\/option>\n\t<option class=\"level-0\" value=\"255\">Oaxaca<\/option>\n\t<option class=\"level-0\" value=\"256\">Puebla<\/option>\n\t<option class=\"level-0\" value=\"257\">Quer\u00e9taro<\/option>\n\t<option class=\"level-0\" value=\"258\">Quintana Roo<\/option>\n\t<option class=\"level-0\" value=\"259\">San Luis Potos\u00ed<\/option>\n\t<option class=\"level-0\" value=\"260\">Sinaloa<\/option>\n\t<option class=\"level-0\" value=\"261\">Sonora<\/option>\n\t<option class=\"level-0\" value=\"262\">Tabasco<\/option>\n\t<option class=\"level-0\" value=\"263\">Tamaulipas<\/option>\n\t<option class=\"level-0\" value=\"264\">Tlaxcala<\/option>\n\t<option class=\"level-0\" value=\"265\">Veracruz<\/option>\n\t<option class=\"level-0\" value=\"266\">Yucat\u00e1n<\/option>\n\t<option class=\"level-0\" value=\"267\">Zacatecas<\/option>\n<\/select>\n\t\t\t\t\t<\/div>\r\n\t\t\t\t<\/fieldset>\r\n\t\t\t\t\t\t\t\r\n\t\t\t\t<fieldset class=\"form  fieldset-candidate_title\">\r\n\t\t\t\t\t<label for=\"candidate_title\">T\u00edtulo profesional<\/label>\r\n\t\t\t\t\t<div class=\"field\">\r\n\t\t\t\t\t\t<input type=\"text\" class=\"input-text\" name=\"candidate_title\" id=\"candidate_title\" placeholder=\"ejemplo: &quot;Vendedor seguros&quot;\" value=\"\" maxlength=\"\" required \/>\n\t\t\t\t\t<\/div>\r\n\t\t\t\t<\/fieldset>\r\n\t\t\t\t\t\t\t\r\n\t\t\t\t<fieldset class=\"form  fieldset-candidate_location\">\r\n\t\t\t\t\t<label for=\"candidate_location\">Localizaci\u00f3n<\/label>\r\n\t\t\t\t\t<div class=\"field\">\r\n\t\t\t\t\t\t<input type=\"text\" class=\"input-text\" name=\"candidate_location\" id=\"candidate_location\" placeholder=\"ejemplo San Jos\u00e9, Per\u00e9z Zeled\u00f3n, Cartago\" value=\"\" maxlength=\"\" required \/>\n\t\t<a href=\"#\"><i title=\"Encontrar Mi Ubicaci\u00f3n\" class=\"tooltip left la la-map-marked-alt\"><\/i><\/a>\n        <span class=\"type-and-hit-enter\">tipo y pulse enter<\/span>     \t\t\t\t\t<\/div>\r\n\t\t\t\t<\/fieldset>\r\n\t\t\t\t\t\t\t\r\n\t\t\t\t<fieldset class=\"form  fieldset-candidate_photo\">\r\n\t\t\t\t\t<label for=\"candidate_photo\">Foto <small>(opcional)<\/small><\/label>\r\n\t\t\t\t\t<div class=\"field\">\r\n\t\t\t\t\t\t\n<label class=\"fake-upload-btn no_ajax\">\n\t<div class=\"job-manager-uploaded-files\">\n\t\t\t<\/div>\n\t<input type=\"file\" class=\"ws-file-upload input-text\" data-file_types=\"jpg|jpeg|gif|png\"  name=\"candidate_photo\" id=\"candidate_photo\" placeholder=\"\" \/>\n    <div  class=\"upload-btn\"><i class=\"fa fa-upload\"><\/i> Navegar<\/div>\n<\/label>\n\n\n\n<small class=\"description\">\n\t\t\tTama\u00f1o m\u00e1ximo del archivo: 3 GB.\t<\/small>\t\t\t\t\t<\/div>\r\n\t\t\t\t<\/fieldset>\r\n\t\t\t\t\t\t\t\r\n\t\t\t\t<fieldset class=\"form  fieldset-candidate_video\">\r\n\t\t\t\t\t<label for=\"candidate_video\">Video <small>(opcional)<\/small><\/label>\r\n\t\t\t\t\t<div class=\"field\">\r\n\t\t\t\t\t\t<input type=\"text\" class=\"input-text\" name=\"candidate_video\" id=\"candidate_video\" placeholder=\"Enlace a un video acerca de usted\" value=\"\" maxlength=\"\"  \/>\n\t\t\t\t\t<\/div>\r\n\t\t\t\t<\/fieldset>\r\n\t\t\t\t\t\t\t\r\n\t\t\t\t<fieldset class=\"form  fieldset-resume_category\">\r\n\t\t\t\t\t<label for=\"resume_category\">Categor\u00eda de CV<\/label>\r\n\t\t\t\t\t<div class=\"field\">\r\n\t\t\t\t\t\t<select name='resume_category[]' id='resume_category' class='job-manager-category-dropdown ' multiple='multiple' data-placeholder='Elige una categor\u00eda&hellip;' data-no_results_text='No se han encontrado resultados' data-multiple_text='Elige alguna opci\u00f3n'>\n\t<option class=\"level-0\" value=\"268\">Administraci\u00f3n y Gesti\u00f3n<\/option>\n\t<option class=\"level-0\" value=\"283\">Agricultura y Ganader\u00eda<\/option>\n\t<option class=\"level-0\" value=\"288\">Alimentos y Bebidas<\/option>\n\t<option class=\"level-0\" value=\"278\">Arte, Dise\u00f1o y Creatividad<\/option>\n\t<option class=\"level-0\" value=\"287\">Automotriz<\/option>\n\t<option class=\"level-0\" value=\"302\">Ayudante General<\/option>\n\t<option class=\"level-0\" value=\"281\">Ciencias y Tecnolog\u00eda<\/option>\n\t<option class=\"level-0\" value=\"310\">Coaching &amp; MyFitness<\/option>\n\t<option class=\"level-0\" value=\"279\">Comunicaci\u00f3n y Periodismo<\/option>\n\t<option class=\"level-0\" value=\"52\">Construction Facilities<\/option>\n\t<option class=\"level-0\" value=\"309\">Deporte y recreaci\u00f3n<\/option>\n\t<option class=\"level-0\" value=\"280\">Derecho y Asesor\u00eda Jur\u00eddica Legal<\/option>\n\t<option class=\"level-0\" value=\"274\">Educaci\u00f3n<\/option>\n\t<option class=\"level-0\" value=\"290\">Emprendimiento y Startups<\/option>\n\t<option class=\"level-0\" value=\"294\">Escritura y Traducci\u00f3n<\/option>\n\t<option class=\"level-0\" value=\"297\">Estilo de Vida<\/option>\n\t<option class=\"level-0\" value=\"270\">Finanzas y Contabilidad<\/option>\n\t<option class=\"level-0\" value=\"298\">Fotograf\u00eda<\/option>\n\t<option class=\"level-0\" value=\"303\">Gobierno y Servicios P\u00fablicos<\/option>\n\t<option class=\"level-0\" value=\"273\">Ingenier\u00eda y Construcci\u00f3n<\/option>\n\t<option class=\"level-0\" value=\"285\">Investigaci\u00f3n y Desarrollo<\/option>\n\t<option class=\"level-0\" value=\"305\">Limpieza<\/option>\n\t<option class=\"level-0\" value=\"277\">Log\u00edstica<\/option>\n\t<option class=\"level-0\" value=\"45\">Management &amp; Finance<\/option>\n\t<option class=\"level-0\" value=\"286\">Mantenimiento y Reparaci\u00f3n<\/option>\n\t<option class=\"level-0\" value=\"299\">Mapa de sitio<\/option>\n\t<option class=\"level-0\" value=\"293\">Marketing Digital<\/option>\n\t<option class=\"level-0\" value=\"282\">Medio Ambiente y Sostenibilidad<\/option>\n\t<option class=\"level-0\" value=\"296\">M\u00fasica y Audio<\/option>\n\t<option class=\"level-0\" value=\"292\">ONGs y Organizaciones sin fines de lucro<\/option>\n\t<option class=\"level-0\" value=\"300\">Programaci\u00f3n<\/option>\n\t<option class=\"level-0\" value=\"271\">Recursos Humanos<\/option>\n\t<option class=\"level-0\" value=\"275\">Salud y Medicina<\/option>\n\t<option class=\"level-0\" value=\"291\">Sector Energ\u00e9tico<\/option>\n\t<option class=\"level-0\" value=\"304\">Seguridad<\/option>\n\t<option class=\"level-0\" value=\"301\">Servicio de IA<\/option>\n\t<option class=\"level-0\" value=\"276\">Servicios al Cliente<\/option>\n\t<option class=\"level-0\" value=\"272\">Tecnolog\u00eda de la Informaci\u00f3n (TI)<\/option>\n\t<option class=\"level-0\" value=\"289\">Textil y Moda<\/option>\n\t<option class=\"level-0\" value=\"46\">Translations<\/option>\n\t<option class=\"level-0\" value=\"284\">Turismo y Hoteler\u00eda<\/option>\n\t<option class=\"level-0\" value=\"269\">Ventas y Marketing<\/option>\n\t<option class=\"level-0\" value=\"295\">Video y Animaci\u00f3n<\/option>\n\t<option class=\"level-0\" value=\"49\">Web, Software &amp; IT<\/option>\n\t<option class=\"level-0\" value=\"47\">Writing<\/option>\n<\/select>\n\t\t\t\t\t<\/div>\r\n\t\t\t\t<\/fieldset>\r\n\t\t\t\t\t\t\t\r\n\t\t\t\t<fieldset class=\"form  fieldset-rate_min\">\r\n\t\t\t\t\t<label for=\"rate_min\">Tasa m\u00ednima\/h (&#36;) <small>(opcional)<\/small><\/label>\r\n\t\t\t\t\t<div class=\"field\">\r\n\t\t\t\t\t\t<input type=\"text\" class=\"input-text\" name=\"rate_min\" id=\"rate_min\" placeholder=\"por ejemplo, 20\" value=\"\" maxlength=\"\"  \/>\n\t\t\t\t\t<\/div>\r\n\t\t\t\t<\/fieldset>\r\n\t\t\t\t\t\t\t\r\n\t\t\t\t<fieldset class=\"form  fieldset-resume_content\">\r\n\t\t\t\t\t<label for=\"resume_content\">Contenido del CV<\/label>\r\n\t\t\t\t\t<div class=\"field\">\r\n\t\t\t\t\t\t<div id=\"wp-resume_content-wrap\" class=\"wp-core-ui wp-editor-wrap tmce-active\"><link rel='stylesheet' id='dashicons-css' href='https:\/\/kioongo.com\/work\/wp-includes\/css\/dashicons.min.css' type='text\/css' media='all' \/>\n<link rel='stylesheet' id='editor-buttons-css' href='https:\/\/kioongo.com\/work\/wp-includes\/css\/editor.min.css' type='text\/css' media='all' \/>\n<style> .mce-top-part button { background-color: rgba(0,0,0,0.0) !important; } <\/style>\n<div id=\"wp-resume_content-editor-container\" class=\"wp-editor-container\"><textarea class=\"wp-editor-area\" rows=\"8\" autocomplete=\"off\" cols=\"40\" name=\"resume_content\" id=\"resume_content\"><\/textarea><\/div>\n<\/div>\n\n\t\t\t\t\t<\/div>\r\n\t\t\t\t<\/fieldset>\r\n\t\t\t\t\t\t\t\r\n\t\t\t\t<fieldset class=\"form  fieldset-resume_skills\">\r\n\t\t\t\t\t<label for=\"resume_skills\">Habilidades <small>(opcional)<\/small><\/label>\r\n\t\t\t\t\t<div class=\"field\">\r\n\t\t\t\t\t\t<input type=\"text\" class=\"input-text\" name=\"resume_skills\" id=\"resume_skills\" placeholder=\"Lista de habilidades relevantes, separada con comas\" value=\"\" maxlength=\"\"  \/>\n\t\t\t\t\t<\/div>\r\n\t\t\t\t<\/fieldset>\r\n\t\t\t\t\t\t\t\r\n\t\t\t\t<fieldset class=\"form with-line fieldset-links\">\r\n\t\t\t\t\t<label for=\"links\">URL(s) <small>(opcional)<\/small><\/label>\r\n\t\t\t\t\t<div class=\"field\">\r\n\t\t\t\t\t\t\n<a href=\"#\" class=\"resume-manager-add-row\" data-row=\"\n\t\t&lt;div class=&quot;resume-manager-data-row&quot;&gt;\n\t\t\t&lt;input type=&quot;hidden&quot; class=&quot;repeated-row-index&quot; name=&quot;repeated-row-links[]&quot; value=&quot;%%repeated-row-index%%&quot; \/&gt;\n\t\t\t&lt;a href=&quot;#&quot; class=&quot;resume-manager-remove-row&quot;&gt;&lt;i class=&quot;fa fa-close&quot;&gt;&lt;\/i&gt;&lt;\/a&gt;\n\t\t\t\t\t\t\t&lt;fieldset class=&quot;fieldset-name&quot;&gt;\n\t\t\t\t\t&lt;label for=&quot;name&quot;&gt;Nombre&lt;\/label&gt;\n\t\t\t\t\t&lt;div class=&quot;field&quot;&gt;\n\t\t\t\t\t\t&lt;input type=&quot;text&quot; class=&quot;input-text&quot; name=&quot;links_name_%%repeated-row-index%%&quot; id=&quot;name&quot; placeholder=&quot;&quot; value=&quot;&quot; maxlength=&quot;&quot; required \/&gt;\n\t\t\t\t\t&lt;\/div&gt;\n\t\t\t\t&lt;\/fieldset&gt;\n\t\t\t\t\t\t\t&lt;fieldset class=&quot;fieldset-url&quot;&gt;\n\t\t\t\t\t&lt;label for=&quot;url&quot;&gt;URL&lt;\/label&gt;\n\t\t\t\t\t&lt;div class=&quot;field&quot;&gt;\n\t\t\t\t\t\t&lt;input type=&quot;text&quot; class=&quot;input-text&quot; name=&quot;links_url_%%repeated-row-index%%&quot; id=&quot;url&quot; placeholder=&quot;&quot; value=&quot;&quot; maxlength=&quot;&quot; required \/&gt;\n\t\t\t\t\t&lt;\/div&gt;\n\t\t\t\t&lt;\/fieldset&gt;\n\t\t\t\t\t&lt;\/div&gt;\n\t\t\">+ Adicionar URL<\/a>\n\t<small class=\"description\">Opcionalmente proporcione enlaces a cualquiera de sus sitios web o perfiles de redes sociales.<\/small>\t\t\t\t\t<\/div>\r\n\t\t\t\t<\/fieldset>\r\n\t\t\t\t\t\t\t\r\n\t\t\t\t<fieldset class=\"form with-line fieldset-candidate_education\">\r\n\t\t\t\t\t<label for=\"candidate_education\">Educaci\u00f3n <small>(opcional)<\/small><\/label>\r\n\t\t\t\t\t<div class=\"field\">\r\n\t\t\t\t\t\t\n<a href=\"#\" class=\"resume-manager-add-row\" data-row=\"\n\t\t&lt;div class=&quot;resume-manager-data-row&quot;&gt;\n\t\t\t&lt;input type=&quot;hidden&quot; class=&quot;repeated-row-index&quot; name=&quot;repeated-row-candidate_education[]&quot; value=&quot;%%repeated-row-index%%&quot; \/&gt;\n\t\t\t&lt;a href=&quot;#&quot; class=&quot;resume-manager-remove-row&quot;&gt;&lt;i class=&quot;fa fa-close&quot;&gt;&lt;\/i&gt;&lt;\/a&gt;\n\t\t\t\t\t\t\t&lt;fieldset class=&quot;fieldset-location&quot;&gt;\n\t\t\t\t\t&lt;label for=&quot;location&quot;&gt;Nombre de la Universidad&lt;\/label&gt;\n\t\t\t\t\t&lt;div class=&quot;field&quot;&gt;\n\t\t\t\t\t\t&lt;input type=&quot;text&quot; class=&quot;input-text&quot; name=&quot;candidate_education_location_%%repeated-row-index%%&quot; id=&quot;location&quot; placeholder=&quot;&quot; value=&quot;&quot; maxlength=&quot;&quot; required \/&gt;\n\t\t\t\t\t&lt;\/div&gt;\n\t\t\t\t&lt;\/fieldset&gt;\n\t\t\t\t\t\t\t&lt;fieldset class=&quot;fieldset-qualification&quot;&gt;\n\t\t\t\t\t&lt;label for=&quot;qualification&quot;&gt;Calificaciones \/ capacidades&lt;\/label&gt;\n\t\t\t\t\t&lt;div class=&quot;field&quot;&gt;\n\t\t\t\t\t\t&lt;input type=&quot;text&quot; class=&quot;input-text&quot; name=&quot;candidate_education_qualification_%%repeated-row-index%%&quot; id=&quot;qualification&quot; placeholder=&quot;&quot; value=&quot;&quot; maxlength=&quot;&quot; required \/&gt;\n\t\t\t\t\t&lt;\/div&gt;\n\t\t\t\t&lt;\/fieldset&gt;\n\t\t\t\t\t\t\t&lt;fieldset class=&quot;fieldset-date&quot;&gt;\n\t\t\t\t\t&lt;label for=&quot;date&quot;&gt;Fecha de inicio y finalizaci\u00f3n&lt;\/label&gt;\n\t\t\t\t\t&lt;div class=&quot;field&quot;&gt;\n\t\t\t\t\t\t&lt;input type=&quot;text&quot; class=&quot;input-text&quot; name=&quot;candidate_education_date_%%repeated-row-index%%&quot; id=&quot;date&quot; placeholder=&quot;&quot; value=&quot;&quot; maxlength=&quot;&quot; required \/&gt;\n\t\t\t\t\t&lt;\/div&gt;\n\t\t\t\t&lt;\/fieldset&gt;\n\t\t\t\t\t\t\t&lt;fieldset class=&quot;fieldset-notes&quot;&gt;\n\t\t\t\t\t&lt;label for=&quot;notes&quot;&gt;Notas &lt;small&gt;(opcional)&lt;\/small&gt;&lt;\/label&gt;\n\t\t\t\t\t&lt;div class=&quot;field&quot;&gt;\n\t\t\t\t\t\t&lt;textarea cols=&quot;20&quot; rows=&quot;3&quot; class=&quot;input-text&quot; name=&quot;candidate_education_notes_%%repeated-row-index%%&quot; id=&quot;notes&quot; placeholder=&quot;&quot; maxlength=&quot;&quot; &gt;&lt;\/textarea&gt;\n\t\t\t\t\t&lt;\/div&gt;\n\t\t\t\t&lt;\/fieldset&gt;\n\t\t\t\t\t&lt;\/div&gt;\n\t\t\">+ Adicionar educaci\u00f3n<\/a>\n\t\t\t\t\t<\/div>\r\n\t\t\t\t<\/fieldset>\r\n\t\t\t\t\t\t\t\r\n\t\t\t\t<fieldset class=\"form with-line fieldset-candidate_experience\">\r\n\t\t\t\t\t<label for=\"candidate_experience\">Experiencia <small>(opcional)<\/small><\/label>\r\n\t\t\t\t\t<div class=\"field\">\r\n\t\t\t\t\t\t\n<a href=\"#\" class=\"resume-manager-add-row\" data-row=\"\n\t\t&lt;div class=&quot;resume-manager-data-row&quot;&gt;\n\t\t\t&lt;input type=&quot;hidden&quot; class=&quot;repeated-row-index&quot; name=&quot;repeated-row-candidate_experience[]&quot; value=&quot;%%repeated-row-index%%&quot; \/&gt;\n\t\t\t&lt;a href=&quot;#&quot; class=&quot;resume-manager-remove-row&quot;&gt;&lt;i class=&quot;fa fa-close&quot;&gt;&lt;\/i&gt;&lt;\/a&gt;\n\t\t\t\t\t\t\t&lt;fieldset class=&quot;fieldset-employer&quot;&gt;\n\t\t\t\t\t&lt;label for=&quot;employer&quot;&gt;Empleador&lt;\/label&gt;\n\t\t\t\t\t&lt;div class=&quot;field&quot;&gt;\n\t\t\t\t\t\t&lt;input type=&quot;text&quot; class=&quot;input-text&quot; name=&quot;candidate_experience_employer_%%repeated-row-index%%&quot; id=&quot;employer&quot; placeholder=&quot;&quot; value=&quot;&quot; maxlength=&quot;&quot; required \/&gt;\n\t\t\t\t\t&lt;\/div&gt;\n\t\t\t\t&lt;\/fieldset&gt;\n\t\t\t\t\t\t\t&lt;fieldset class=&quot;fieldset-job_title&quot;&gt;\n\t\t\t\t\t&lt;label for=&quot;job_title&quot;&gt;Nombre del Trabaho&lt;\/label&gt;\n\t\t\t\t\t&lt;div class=&quot;field&quot;&gt;\n\t\t\t\t\t\t&lt;input type=&quot;text&quot; class=&quot;input-text&quot; name=&quot;candidate_experience_job_title_%%repeated-row-index%%&quot; id=&quot;job_title&quot; placeholder=&quot;&quot; value=&quot;&quot; maxlength=&quot;&quot; required \/&gt;\n\t\t\t\t\t&lt;\/div&gt;\n\t\t\t\t&lt;\/fieldset&gt;\n\t\t\t\t\t\t\t&lt;fieldset class=&quot;fieldset-date&quot;&gt;\n\t\t\t\t\t&lt;label for=&quot;date&quot;&gt;Fecha de inicio y finalizaci\u00f3n&lt;\/label&gt;\n\t\t\t\t\t&lt;div class=&quot;field&quot;&gt;\n\t\t\t\t\t\t&lt;input type=&quot;text&quot; class=&quot;input-text&quot; name=&quot;candidate_experience_date_%%repeated-row-index%%&quot; id=&quot;date&quot; placeholder=&quot;&quot; value=&quot;&quot; maxlength=&quot;&quot; required \/&gt;\n\t\t\t\t\t&lt;\/div&gt;\n\t\t\t\t&lt;\/fieldset&gt;\n\t\t\t\t\t\t\t&lt;fieldset class=&quot;fieldset-notes&quot;&gt;\n\t\t\t\t\t&lt;label for=&quot;notes&quot;&gt;Notas &lt;small&gt;(opcional)&lt;\/small&gt;&lt;\/label&gt;\n\t\t\t\t\t&lt;div class=&quot;field&quot;&gt;\n\t\t\t\t\t\t&lt;textarea cols=&quot;20&quot; rows=&quot;3&quot; class=&quot;input-text&quot; name=&quot;candidate_experience_notes_%%repeated-row-index%%&quot; id=&quot;notes&quot; placeholder=&quot;&quot; maxlength=&quot;&quot; &gt;&lt;\/textarea&gt;\n\t\t\t\t\t&lt;\/div&gt;\n\t\t\t\t&lt;\/fieldset&gt;\n\t\t\t\t\t&lt;\/div&gt;\n\t\t\">+ Adicionar Experiencia<\/a>\n\t\t\t\t\t<\/div>\r\n\t\t\t\t<\/fieldset>\r\n\t\t\t\t\t\t\t\r\n\t\t\t\t<fieldset class=\"form  fieldset-resume_file\">\r\n\t\t\t\t\t<label for=\"resume_file\">Archivo del CV <small>(opcional)<\/small><\/label>\r\n\t\t\t\t\t<div class=\"field\">\r\n\t\t\t\t\t\t\n<label class=\"fake-upload-btn no_ajax\">\n\t<div class=\"job-manager-uploaded-files\">\n\t\t\t<\/div>\n\t<input type=\"file\" class=\"ws-file-upload input-text\" data-file_types=\"jpg|jpeg|jpe|gif|png|bmp|tiff|tif|webp|ico|heic|asf|asx|wmv|wmx|wm|avi|divx|flv|mov|qt|mpeg|mpg|mpe|mp4|m4v|ogv|webm|mkv|3gp|3gpp|3g2|3gp2|txt|asc|c|cc|h|srt|csv|tsv|ics|rtx|css|vtt|dfxp|mp3|m4a|m4b|aac|ra|ram|wav|ogg|oga|flac|mid|midi|wma|wax|mka|rtf|pdf|class|tar|zip|gz|gzip|rar|7z|psd|xcf|doc|pot|pps|ppt|wri|xla|xls|xlt|xlw|mdb|mpp|docx|docm|dotx|dotm|xlsx|xlsm|xlsb|xltx|xltm|xlam|pptx|pptm|ppsx|ppsm|potx|potm|ppam|sldx|sldm|onetoc|onetoc2|onetmp|onepkg|oxps|xps|odt|odp|ods|odg|odc|odb|odf|wp|wpd|key|numbers|pages|svg\"  name=\"resume_file\" id=\"resume_file\" placeholder=\"\" \/>\n    <div  class=\"upload-btn\"><i class=\"fa fa-upload\"><\/i> Navegar<\/div>\n<\/label>\n\n\n\n<small class=\"description\">\n\t\t\tOpcionalmente subir su curriculum vitae para que los empleadores lo vean. Max. tama\u00f1o de archivo: 3 GB.\t<\/small>\t\t\t\t\t<\/div>\r\n\t\t\t\t<\/fieldset>\r\n\t\t\t\t\t<\/div>\r\n\t<\/div>\r\n<\/div>\r\n\t\t\r\n\t\t<p class=\"send-btn-border\">\r\n\t\t\t<input type=\"hidden\" id=\"_wpnonce\" name=\"_wpnonce\" value=\"7d01376e0a\" \/><input type=\"hidden\" name=\"_wp_http_referer\" value=\"\/work\/wp-json\/wp\/v2\/pages\/100\" \/>\t\t\t<input type=\"hidden\" name=\"resume_manager_form\" value=\"submit-resume\" \/>\r\n\t\t\t<input type=\"hidden\" name=\"resume_id\" value=\"0\" \/>\r\n\t\t\t<input type=\"hidden\" name=\"job_id\" value=\"0\" \/>\r\n\t\t\t<input type=\"hidden\" name=\"step\" value=\"0\" \/>\r\n\t\t\t<input type=\"submit\" name=\"submit_resume\" class=\"button big\" value=\"Vista previa &rarr;\" \/>\r\n\t\t<\/p>\r\n\r\n\t\r\n\t<\/form>\r\n\n","protected":false},"excerpt":{"rendered":"","protected":false},"author":1,"featured_media":0,"parent":0,"menu_order":0,"comment_status":"closed","ping_status":"closed","template":"template-dashboard.php","meta":{"footnotes":""},"_links":{"self":[{"href":"https:\/\/kioongo.com\/work\/wp-json\/wp\/v2\/pages\/100"}],"collection":[{"href":"https:\/\/kioongo.com\/work\/wp-json\/wp\/v2\/pages"}],"about":[{"href":"https:\/\/kioongo.com\/work\/wp-json\/wp\/v2\/types\/page"}],"author":[{"embeddable":true,"href":"https:\/\/kioongo.com\/work\/wp-json\/wp\/v2\/users\/1"}],"replies":[{"embeddable":true,"href":"https:\/\/kioongo.com\/work\/wp-json\/wp\/v2\/comments?post=100"}],"version-history":[{"count":1,"href":"https:\/\/kioongo.com\/work\/wp-json\/wp\/v2\/pages\/100\/revisions"}],"predecessor-version":[{"id":338,"href":"https:\/\/kioongo.com\/work\/wp-json\/wp\/v2\/pages\/100\/revisions\/338"}],"wp:attachment":[{"href":"https:\/\/kioongo.com\/work\/wp-json\/wp\/v2\/media?parent=100"}],"curies":[{"name":"wp","href":"https:\/\/api.w.org\/{rel}","templated":true}]}}