{"id":782,"date":"2023-07-19T12:41:54","date_gmt":"2023-07-19T18:41:54","guid":{"rendered":"https:\/\/kioongo.com\/work\/?post_type=product&#038;p=782"},"modified":"2023-07-31T13:03:24","modified_gmt":"2023-07-31T19:03:24","slug":"premier-work","status":"publish","type":"product","link":"https:\/\/kioongo.com\/work\/product\/premier-work\/","title":{"rendered":"PREMIER WORK Mensual"},"content":{"rendered":"<ul>\n<li style=\"font-weight: 400;\" aria-level=\"1\"><span style=\"font-weight: 400;\">Logotipo de la Empresa<\/span><\/li>\n<li style=\"font-weight: 400;\" aria-level=\"1\"><span style=\"font-weight: 400;\">Descripci\u00f3n de la Empresa<\/span><\/li>\n<li style=\"font-weight: 400;\" aria-level=\"1\"><span style=\"font-weight: 400;\">Ubicaci\u00f3n de la Empresa<\/span><\/li>\n<li style=\"font-weight: 400;\" aria-level=\"1\"><span style=\"font-weight: 400;\">Descripci\u00f3n de la vacante<\/span><\/li>\n<li style=\"font-weight: 400;\" aria-level=\"1\"><span style=\"font-weight: 400;\">Formulario de Postulantes<\/span><\/li>\n<li style=\"font-weight: 400;\" aria-level=\"1\"><span style=\"font-weight: 400;\">Administrador de Curr\u00edculums<\/span><\/li>\n<li style=\"font-weight: 400;\" aria-level=\"1\"><span style=\"font-weight: 400;\">Recepci\u00f3n de Curriculums en l\u00ednea<\/span><\/li>\n<li style=\"font-weight: 400;\" aria-level=\"1\"><span style=\"font-weight: 400;\">Notificaciones autom\u00e1ticas en correo<\/span><\/li>\n<li style=\"font-weight: 400;\" aria-level=\"1\"><span style=\"font-weight: 400;\">Vacantes con enlaces Externos<\/span><\/li>\n<li style=\"font-weight: 400;\" aria-level=\"1\"><span style=\"font-weight: 400;\">Resultados de la B\u00fasqueda de Google<\/span><\/li>\n<li style=\"font-weight: 400;\" aria-level=\"1\"><span style=\"font-weight: 400;\">Redes Sociales<\/span><\/li>\n<li style=\"font-weight: 400;\" aria-level=\"1\"><span style=\"font-weight: 400;\">Mensajes Privados<\/span><\/li>\n<li style=\"font-weight: 400;\" aria-level=\"1\"><span style=\"font-weight: 400;\">Sorteo de Asesor\u00eda de Marketing con un Experto<\/span><\/li>\n<li style=\"font-weight: 400;\" aria-level=\"1\"><span style=\"font-weight: 400;\">Propuestas Exclusivas de Marketing<\/span><\/li>\n<li style=\"font-weight: 400;\" aria-level=\"1\"><span style=\"font-weight: 400;\">Propuestas mensuales de Publicidad en rede sociales Kioongo Work<\/span><\/li>\n<li style=\"font-weight: 400;\" aria-level=\"1\"><span style=\"font-weight: 400;\">Sorteo de menciones en revista digital<\/span><\/li>\n<li style=\"font-weight: 400;\" aria-level=\"1\"><span style=\"font-weight: 400;\">Vista de Curriculums digitales de candidatos<\/span><\/li>\n<\/ul>\n","protected":false},"excerpt":{"rendered":"<p>Logotipo de la Empresa Descripci\u00f3n de la Empresa Ubicaci\u00f3n de la Empresa Descripci\u00f3n de la vacante Formulario de Postulantes Administrador de Curr\u00edculums Recepci\u00f3n de Curriculums en l\u00ednea Notificaciones autom\u00e1ticas en&#8230;<\/p>\n","protected":false},"featured_media":1068,"comment_status":"open","ping_status":"closed","template":"","meta":[],"product_cat":[307],"product_tag":[],"_links":{"self":[{"href":"https:\/\/kioongo.com\/work\/wp-json\/wp\/v2\/product\/782"}],"collection":[{"href":"https:\/\/kioongo.com\/work\/wp-json\/wp\/v2\/product"}],"about":[{"href":"https:\/\/kioongo.com\/work\/wp-json\/wp\/v2\/types\/product"}],"replies":[{"embeddable":true,"href":"https:\/\/kioongo.com\/work\/wp-json\/wp\/v2\/comments?post=782"}],"wp:featuredmedia":[{"embeddable":true,"href":"https:\/\/kioongo.com\/work\/wp-json\/wp\/v2\/media\/1068"}],"wp:attachment":[{"href":"https:\/\/kioongo.com\/work\/wp-json\/wp\/v2\/media?parent=782"}],"wp:term":[{"taxonomy":"product_cat","embeddable":true,"href":"https:\/\/kioongo.com\/work\/wp-json\/wp\/v2\/product_cat?post=782"},{"taxonomy":"product_tag","embeddable":true,"href":"https:\/\/kioongo.com\/work\/wp-json\/wp\/v2\/product_tag?post=782"}],"curies":[{"name":"wp","href":"https:\/\/api.w.org\/{rel}","templated":true}]}}